 + -2 + 6 + -3 - (-25 + 20 - 6)?
15
(-24 - (21 + -12 + -23)) + 1 + (10 - 3)
-2
What is the value of (-90 + 59 - -42) + 0 + 79 + 3?
93
What is 62 - (-87 - 4 - -58)?
95
Calculate (-17 + -20 - -16) + 9 + 32.
20
1 - 2 - 0 - (37 + 5) - (404 + -400)
-47
Evaluate -18 - (-42 + -14 + 8) - (0 - 1) - 10.
21
What is -18 + 39 + (-90 - -29)?
-40
11 + (1 - (-8 + 13 + 31) - (3 + 2))
-29
Evaluate (-189 + 198 - (-1 - -17)) + (3 - -3).
-1
(-15 - -13) + (-4 - (20 - (25 - 15))) + -21
-37
Calculate 210 + (-55 - 20) - 4.
131
5 - 2 - -81 - (11 + 6 + (-14 - 1))
82
What is the value of 1 + -18 + -381 + 412 + (1 - 58)?
-43
What is the value of (-13 - -1 - ((5 - 8) + 6)) + 8?
-7
-281 + 259 - (0 - (0 - 3) - (-1 + 2))
-24
What is the value of 32 + (-39 - -62) + -39 + 92?
108
What is (2 - (10 - (-2 + 9) - -5)) + 49 + -11?
32
-10 - (39 + 0 + 26 + -20 + -20)
-35
What is 16 + 2 + (-110 - -118) - (-3 - (-3 - -7))?
33
What is the value of 0 - 10 - ((33 - 47 - 8) + (-2 - -96))?
-82
0 + -22 - (0 + 0 + (5 - 4) - 2)
-21
Calculate -10 + (5 - 29) + 9 - -113.
88
Calculate -12 - (-62 - (3 + -60) - (0 + -12)).
-19
Calculate 35 + (-2 + -18 - (-58 + 55)) + 92.
110
(-53 - -14) + (147 - 135)
-27
Evaluate (39 - 37) + 30 - 17 - (1 - -36).
-22
Calculate -10 + 1 + -3 + -59 + (7 - (-2 + 1)).
-63
Evaluate -2 + -2 + 67 + (114 - 118) + (56 - 66).
49
What is the value of -21 + 10 - (2 - -1 - (63 + -58)) - -15?
6
Calculate -57 + (59 + -19 - -53).
36
45 + -32 + -6 + -1 + 2
8
What is 7125 + -7148 + (1 + 30 - -3)?
11
Evaluate 32 - (-46 + 13 + 47).
18
Evaluate (-17 - (-5 + (8 - 6))) + 16.
2
Evaluate 56 + (16 - 94) + 58.
36
Calculate -7 + (24 - 16) + 13 + -124 + (9 - -1).
-100
What is the value of 12 - (-21 + 38) - (-2 + (3 - 0) - 99)?
93
What is -3752 + 3771 + (0 - -20)?
39
What is the value of -6 - -41 - (108 - 85)?
12
Calculate 10 - 76 - (-307 + 177).
64
Calculate (-7 - 6 - 1 - -1) + 7 + 11.
5
Calculate 3 + -2 - -5 - (6 + -20 - -2).
18
What is (-18 - (-8 - 12)) + 8 - 63?
-53
Calculate 69 - 40 - (-207 - -258).
-22
What is -73 + (1 + (21 - 12) - 15)?
-78
Calculate 26 + -9 + -8 - 50.
-41
What is the value of -94 + (-207 + 133 - -106)?
-62
Evaluate 50 + 0 - (-6 + 4 + -33 + 28).
57
Calculate -29 - -30 - (69 - (0 - (9 + -3))).
-74
What is the value of -310 + 292 + (4 - 5 - 15)?
-34
What is the value of -7 + (-103 - -52 - -20)?
-38
Calculate -2 + (-52 - -49) - (-5 - -4 - -55).
-59
Calculate 32 + -59 - -32 - -52 - (24 + -2).
35
Evaluate -7 - -27 - (-22 + (91 - -33)).
-82
What is 5 + -9 - ((-255 - -241) + (28 - 0))?
-18
Evaluate -44 + (-56 - (-279 + 119)).
60
What is 33 + -167 + (-79 - -176)?
-37
What is -13 - (60 + 75 + -132) - (-142 + 2 + -2)?
126
-9 - -1 - (-22 + (596 + -599 - (-21 + 0)))
-4
What is -105 - (160 - (99 + 62))?
-104
What is the value of 57 - 54 - (3 + -24 - -6)?
18
Evaluate -20 - (1 + -164 + 37 - -10).
96
Evaluate -72 + -96 + 110 - 16.
-74
Evaluate (27 - 4 - 13) + 2 - 15.
-3
2 + -6 - (15 + -4 + 26 + -39) - 106
-108
What is the value of (-5 - (-6 - (6 + -1))) + (4 - -32)?
42
What is 42 + 105 + -109 - -35?
73
28 - (22 + -36 - -16)
26
What is the value of -29 + 31 - 25 - (-1 - 16)?
-6
Calculate (16 - (-36 + (-5 - -1))) + (-10 - (-7 + 11)).
42
7 - (15 - (50 + -86))
-44
Evaluate -53 - (-2 - (15 + -2) - (-23 - -40 - 27)).
-48
Calculate 9 + (-4 - (-16 - ((-8 - 6) + 7))).
14
Evaluate -55 + 12 + (-2 - -5) + 2.
-38
What is the value of -9 - -1 - (31 + 55 - 67)?
-27
(32 + -27 - -8) + -16 + (-3 - -5)
-1
What is the value of 2 + -2 - (9 + -51) - (285 - 286)?
43
(1 - 71) + (75 - 66 - (7 - 1) - 11)
-78
Evaluate 40 + (-26 - (-2 - 0)) + 391 + -380.
27
Calculate 48 + (0 - 54) - (2 - 0 - 16).
8
What is the value of 54 + (8 - 26) + 10 + -13?
33
(38 - (14 + 4)) + -8
12
-87 + 0 - -1 - (-66 + -167 + 67 + 158)
-78
Calculate 1 + -1 + 120 + (24 - (52 - (-11 + 32))).
113
Calculate -134 + 130 - (34 + 9) - 11.
-58
What is the value of 91 - (-6 - (-4 + 16 - 12)) - -5?
102
What is the value of 5 - (1 - -45) - (-193 - -208)?
-56
Calculate (-10 - -68) + (13 - 16) + -2 - (0 + -11).
64
Evaluate 121 + (18 - 94) - -20.
65
What is -6378 + 6446 - (-3 - 0)?
71
What is -14 + 2 + 134 + -114?
8
Evaluate 43 + -13 + (27 - (16 - (0 - -4))).
45
What is the value of 130 - 92 - (2 - 43)?
79
-2 + 42 - -6 - (50 - 39)
35
What is the value of (30 + -49 - -95 - 16) + (-12 - 0)?
48
Calculate -12 + (6 + -10 - -55 - 9).
30
What is (-23 - 25) + 60 + 10?
22
What is 77 + (97 - -21 - 78)?
117
(0 - 37) + (1 + 24 - (588 + -554))
-46
What is (10 - (6 - 1 - (256 + -244))) + -4?
13
Calculate -53 + (45 - -5) - (-1 + 2 + -19).
15
Evaluate (13 + -11 - (-18 - 158)) + -29.
149
Calculate -6 - (0 + -2) - ((-37 - 9) + 0).
42
What is -132 + -44 + 11 + 87?
-78
(11 - 23) + 110 - (-22 + 57)
63
Calculate -12 - 0 - (-4 + -7) - (-12 - -40).
-29
What is the value of 1918 + -1916 - (15 - -1)?
-14
41 - (-137 + 100 - (-13 - 1))
64
Calculate 6 + 2 + 32 + 9 + -25.
24
Calculate 6 + 143 + -129 - -41.
61
Evaluate 26 - (-15 - -10 - (15 + 3)).
49
Evaluate (16 - 6) + (-4 - 8) + 9 + 8 + -1.
14
(7 - 16) + (24 - 13) - (-1 + 14 + 3)
-14
Calculate 56 + 3 + -27 + -28 + 39 + 0 + 6.
49
Evaluate -59 + 8 + (18 - 20) + (4 - 8).
-57
Calculate (-7 - (5 + -9 + 29)) + 1 + 14.
-17
Evaluate 22 + (-33 - -38) - -14.
41
Calculate (1 - 52) + 3146 + -3096.
-1
What is 5 - (-1 + 3 + -6 + 7) - (-23 - -82)?
-57
Evaluate 47 - (41 + -85 - -86).
5
Calculate 12 - (49 - (-23 + -2 + 13 - -11)).
-38
What is 18 + 43 - -63 - 202?
-78
Calculate 2 - (102 - -1 - 1) - ((-249 - 17) + 260).
-94
What is (91 - 7) + -107 - (-5 - 94)?
76
What is the value of -25 - (-7 + -2 - (1 + -12 + (288 - 278)))?
-17
Calculate -43 + 71 - 17 - (1 + (-1 - -8)).
3
What is the value of (36 - (-8 - -9)) + (1 + -3 - (30 + -24))?
27
What is -98 - -181 - 30 - (-30 - 0)?
83
What is 0 - (-38 + 42 + 40)?
-44
What is the value of 18 + -81 + 20 + 25 + -23?
-41
What is the value of -23 - (-22 + 18 + -7) - -23?
11
What is -9 + (26 - 22 - (-2 + 4 - 22))?
15
Calculate -30 - (40 + (-14 - 62)).
6
Evaluate -5 + 5 + (20 + -5 - 5) + -3 + 39.
46
2 - 140 - (11 + 34 + -83 + 23)
-123
(40 - 46) + (-24 - -30) + -26 - (1 + -10)
-17
Evaluate -20 - (-21 + 13 + 15 - -6 - 1).
-32
What is the value of (-70 - (-92 + 40)) + -15?
-33
0 + 60 + 16067 + -16068
59
What is 179 + -2 - (31 + 181 - 179)?
144
0 + -16 + (70 - 16 - (-15 - 31))
84
11 + (17 - -4 - 41) + (8 - 1) - -65
63
(-15 - -7) + 42 + -32 + (-1 - 8)
-7
(-53 + 1 - -8) + 87 + -78
-35
What is 85 - (-5 - (-4 - (4 - -1 - (-265 + 274))))?
90
What is (-37 - -28) + 15 + -31 + 16?
-9
What is the value of 38 + 3 + 0 + 2 + (85 - 52 - 26)?
50
What is (-444 - -468) + (8 - (-2 - (-2 - 1))) + -2?
29
Calculate (19 - 5) + (-17 + 64 - 107).
-46
What is the value of 49 - 6 - 9 - 89?
-55
19 + 33 - (-10 + 13)
49
Calculate -82 + (17 + -2 - 7 - -5) + -15.
-84
(39 - 1) + (532 - 529)
41
What is -4 + -5 - (40 - (-1 - -23) - 99)?
72
-34 - (24 - 83) - 8
17
(17 + -16 - -10) + 42 - (5 - 9)
57
Evaluate -23 + 39 - (3 - 1 - -3 - -43).
-32
Calculate 71 + 2 + 3764 + -3765.
72
What is the value of 3 + -23 + -1 + 59 + -32 + -2 + -71?
-67
(-58 + 57 + 4 - (0 - -80)) + -10
-87
Calculate -5 + -22 - -4 - (98 + -6).
-115
24 + 21 - 5 - ((-2 - 3) + 1 + 10)
34
Calculate 12 + (9 - 37) + (-39 - 43).
-98
Evaluate ((-6 - 11) + 1 - (40 + 5)) + 15.
-46
Evaluate -6 - 1 - (-34 - -8 - (-45 - -12)).
-14
Calculate 3 + 493 + -484 - (-2 - -1 - -57).
-44
(8 - ((40 - 14) + 1 + -8)) + 9
-2
What is the value of (-4 - -6) + (35 + 31 + -38 - (-1 - -10))?
21
What is the value of -3 - (35 - (29 + -30))?
-39
Evaluate -85 - (12 - 5 - 23 - (2 + -12)) - -11.
-68
36 + (74 - (-27 - -61))
76
Calculate -213 - (44 + 39 + -203).
-93
-7 + 2 + (-26 - -2) + -2 + (-3 - 1)
-35
What is 29 - (-24 - -3 - (-75 - -4))?
-21
(-175 - -58) + 11 - -24
-82
What is the value of 59 + (1 - -7) + 15 + (-8 - 20)?
54
Calculate (6 - 44) + (-17 - (-33 - -1)).
-23
Evaluate (6 - -66) + (-49 - 6).
17
What is 0 + (-44 + 56 + 21 + -4 - 10)?
19
What is the value of 13 + (-5 - 0) + (-107 - -104) + 3 + 2?
10
8 - (-111 + 49 + 17 + 3)
50
What is 46 + (-1 + (-22 - (-31 - -13)) - (1 + -5))?
45
Evaluate (51 - (31 + 45)) + 97.
72
Calculate -9 - ((1 + (2 - 2) - -1) + 2406 + -2420).
3
Evaluate 0 + -70 + ((3 - 2) + 2 - (80 - 73)).
-74
What is 59 + -37 + -14 + 28?
36
What is -1 + 2 + (37 - (-121 - -179))?
-20
Calculate (-3 - -7 - (-26